y 34759?
407
Calculate the remainder when 119381 is divided by 416.
405
Calculate the remainder when 450722 is divided by 56338.
18
Calculate the remainder when 16670 is divided by 632.
238
Calculate the remainder when 10398930 is divided by 2288.
2258
What is the remainder when 72388 is divided by 23914?
646
What is the remainder when 2480167 is divided by 165339?
82
Calculate the remainder when 5460778 is divided by 416.
362
What is the remainder when 31761 is divided by 10536?
153
What is the remainder when 13752454 is divided by 296?
294
What is the remainder when 63982 is divided by 31980?
22
What is the remainder when 1077318 is divided by 37?
26
Calculate the remainder when 13727 is divided by 5658.
2411
Calculate the remainder when 102928 is divided by 847.
441
Calculate the remainder when 117611143 is divided by 67.
13
Calculate the remainder when 470420 is divided by 5286.
5252
What is the remainder when 287932830 is divided by 36?
6
Calculate the remainder when 54262884 is divided by 6782860.
4
What is the remainder when 1194709 is divided by 338?
217
What is the remainder when 4220547 is divided by 1406847?
6
What is the remainder when 24539 is divided by 12114?
311
What is the remainder when 115256 is divided by 3386?
132
What is the remainder when 13124473 is divided by 105?
103
Calculate the remainder when 993249 is divided by 78.
75
What is the remainder when 1400599 is divided by 11385?
244
What is the remainder when 532423 is divided by 6259?
408
What is the remainder when 1258860 is divided by 345?
300
What is the remainder when 2225105 is divided by 3618?
35
What is the remainder when 115449 is divided by 14390?
329
What is the remainder when 3681311 is divided by 372?
371
Calculate the remainder when 322235902 is divided by 48.
46
Calculate the remainder when 74673 is divided by 94.
37
Calculate the remainder when 379974 is divided by 163.
21
What is the remainder when 24268 is divided by 4388?
2328
Calculate the remainder when 176206518 is divided by 782.
22
What is the remainder when 14905 is divided by 13700?
1205
Calculate the remainder when 4799659 is divided by 19.
12
Calculate the remainder when 398541 is divided by 5459.
34
What is the remainder when 12170196 is divided by 2869?
2767
Calculate the remainder when 9956217 is divided by 1290.
1287
Calculate the remainder when 381748 is divided by 127147.
307
Calculate the remainder when 464734 is divided by 1358.
298
Calculate the remainder when 157280 is divided by 377.
71
Calculate the remainder when 307800 is divided by 540.
0
What is the remainder when 1165126 is divided by 6894?
40
Calculate the remainder when 10246641 is divided by 43053.
27
Calculate the remainder when 9742 is divided by 6.
4
What is the remainder when 22328230 is divided by 2015?
15
Calculate the remainder when 18500253 is divided by 210230.
13
Calculate the remainder when 1956 is divided by 593.
177
What is the remainder when 8077 is divided by 1009?
5
Calculate the remainder when 51599279 is divided by 2638.
2637
Calculate the remainder when 2033314 is divided by 677658.
340
Calculate the remainder when 7911142 is divided by 1368.
1366
Calculate the remainder when 605051 is divided by 2642.
33
Calculate the remainder when 6822385 is divided by 1705596.
1
What is the remainder when 21308575 is divided by 427?
421
Calculate the remainder when 10760 is divided by 5248.
264
Calculate the remainder when 420232 is divided by 201.
142
Calculate the remainder when 181471 is divided by 1452.
1423
Calculate the remainder when 2559823 is divided by 429.
409
What is the remainder when 141610 is divided by 1491?
1456
What is the remainder when 3394944 is divided by 11954?
8
What is the remainder when 156051 is divided by 1545?
6
Calculate the remainder when 171546 is divided by 2062.
400
What is the remainder when 35666781 is divided by 4677?
4656
Calculate the remainder when 64896527 is divided by 2364.
2363
Calculate the remainder when 32787630 is divided by 218.
212
What is the remainder when 860594 is divided by 1992?
50
Calculate the remainder when 73848 is divided by 36582.
684
What is the remainder when 221750 is divided by 1056?
1046
What is the remainder when 368549 is divided by 184252?
45
Calculate the remainder when 23745 is divided by 382.
61
Calculate the remainder when 718289 is divided by 4757.
4739
Calculate the remainder when 95711339 is divided by 239878.
17
What is the remainder when 333946 is divided by 166876?
194
Calculate the remainder when 2556575 is divided by 12.
11
What is the remainder when 12803 is divided by 9218?
3585
What is the remainder when 218393 is divided by 1150?
1043
What is the remainder when 105363 is divided by 52565?
233
What is the remainder when 1639280 is divided by 234135?
335
What is the remainder when 10318289 is divided by 276?
29
Calculate the remainder when 1531776 is divided by 34039.
21
What is the remainder when 719189 is divided by 1868?
9
What is the remainder when 712530 is divided by 1858?
916
What is the remainder when 65061 is divided by 6457?
491
Calculate the remainder when 8923809 is divided by 2518.
17
Calculate the remainder when 251549 is divided by 479.
74
Calculate the remainder when 37912328 is divided by 1167.
1166
Calculate the remainder when 19788807 is divided by 1242.
21
Calculate the remainder when 60205930 is divided by 60205926.
4
Calculate the remainder when 267182 is divided by 1088.
622
What is the remainder when 713294 is divided by 1176?
638
Calculate the remainder when 31885093 is divided by 155537.
8
Calculate the remainder when 2227809 is divided by 298.
259
What is the remainder when 38744046 is divided by 1460?
26
Calculate the remainder when 97923851 is divided by 156.
155
Calculate the remainder when 504936 is divided by 6158.
6138
Calculate the remainder when 411523 is divided by 179.
2
Calculate the remainder when 294965 is divided by 407.
297
What is the remainder when 949981537 is divided by 649?
648
Calculate the remainder when 5064074 is divided by 3452.
3442
What is the remainder when 366770 is divided by 33?
8
Calculate the remainder when 3771927 is divided by 161.
19
What is the remainder when 9716520 is divided by 3238794?
138
Calculate the remainder when 2097842 is divided by 209734.
502
Calculate the remainder when 468300 is divided by 51.
18
Calculate the remainder when 3827459 is divided by 26.
25
Calculate the remainder when 50935 is divided by 3821.
1262
Calculate the remainder when 530788 is divided by 57726.
11254
Calculate the remainder when 327915 is divided by 19284.
87
Calculate the remainder when 7376525 is divided by 1704.
1613
What is the remainder when 8921773 is divided by 107?
6
Calculate the remainder when 9456243 is divided by 411141.
0
What is the remainder when 550375 is divided by 5217?
2590
Calculate the remainder when 743798 is divided by 2583.
2477
Calculate the remainder when 7548142 is divided by 19.
12
What is the remainder when 1834505 is divided by 1311?
416
What is the remainder when 6921305 is divided by 1141?
1140
What is the remainder when 24707575 is divided by 108?
91
Calculate the remainder when 37409 is divided by 209.
207
Calculate the remainder when 466899 is divided by 11387.
32
What is the remainder when 75286342 is divided by 168?
166
Calculate the remainder when 18650 is divided by 8807.
1036
What is the remainder when 29728243 is divided by 147?
139
Calculate the remainder when 3593661 is divided by 17.
14
What is the remainder when 441789 is divided by 2386?
379
Calculate the remainder when 6324490 is divided by 98820.
10
What is the remainder when 612638204 is divided by 1404?
1400
Calculate the remainder when 16091977 is divided by 1305.
22
What is the remainder when 35012869 is divided by 25?
19
Calculate the remainder when 108638198 is divided by 7101.
7100
What is the remainder when 1259300 is divided by 191?
37
Calculate the remainder when 381855 is divided by 2514.
2241
Calculate the remainder when 114851282 is divided by 488.
482
Calculate the remainder when 1117224 is divided by 3061.
3020
What is the remainder when 5654137 is divided by 37?
19
Calculate the remainder when 523110703 is divided by 13.
11
Calculate the remainder when 685018 is di